Let r(a) = -4*a - 1 + 4*a + a. Let c(v) = 6*h(v) - 7*r(v). Calculate c(5).
-4
Let s(b) = -6*b**3 - 2*b**2 + 1. Let x be s(-1). Let z(o) = -x*o**2 + 4*o**2 - o - 3 - 3*o. Calculate z(-2).
1
Let x(q) = 2*q. Let u be x(1). Let h(i) = 2*i - 3 - 5*i**2 - 5*i**2 + 11*i**2. Let j be h(u). Let n(t) = -t**3 + 4*t**2 + 7*t - 5. Determine n(j).
5
Let z(y) = -y**2 + y + 2. Suppose d - 3*w - 10 = 0, -7*d + w + 18 = -3*d. Suppose 0 = -d*o - o - 20. Determine z(o).
-18
Let c = 400 + -403. Let q(l) = -2*l**2 + l + 4. Calculate q(c).
-17
Let q(t) be the second derivative of -t**5/20 - 7*t**4/12 - t**3 - 2*t**2 + 4*t. Suppose 4*u = -2*n - 18, -3 = -n - 0. Give q(u).
-4
Let o(y) = -5*y**3 - 5*y**2 - 13*y + 10. Let r(n) = -14*n**3 - 14*n**2 - 37*n + 30. Let k(l) = -17*o(l) + 6*r(l). Determine k(0).
10
Suppose 11*o = 2*o + 45. Let p(g) = 22*g - 6. Let z(d) = -15*d + 4. Let c(n) = o*p(n) + 7*z(n). Calculate c(4).
18
Suppose -z + 6 = 2*z. Suppose 3*b - z*f = f + 18, -b - 3*f = 6. Let k(h) = -b*h**2 + 11*h - 15*h - 3 - 2*h**2 + h**3. What is k(6)?
9
Let j be 2/(-4)*15/255*0. Let g(z) = -3*z**3 + z**2 + 4. Give g(j).
4
Let o(j) = -3*j**2 + 12*j - 10. Let r be o(3). Let c(s) be the third derivative of s**4/24 - s**3/6 - 2*s**2. Determine c(r).
-2
Let m(y) be the second derivative of y**5/10 - y**4/12 - 4*y - 3. Give m(1).
1
Let y = 20 + -20. Suppose y = -3*s - 5*z - 1, 4*z + 5 + 9 = 2*s. Let b(k) = -s - 7*k**2 + 9*k**2 + 8 - 7*k. Give b(4).
9
Let n(s) = -s**3 - 3*s**2 + 2*s - 22. Let b be n(-4). Let r(v) = -4*v - 30. Calculate r(b).
26
Let q(d) = d**2 + 9*d + 9. Suppose -k - 1 = l - 3*l, -k = 3*l - 14. Suppose 2*z = -3*y - 24, -3*z = -2*y - k + 2. Calculate q(y).
-9
Let a(g) = g + 3. Let y(v) = v - 3. Let t be y(-5). Let p(o) = -o**2 - 8*o + 6. Let m be p(t). Let f = -9 + m. Determine a(f).
0
Let s(x) be the third derivative of x**5/60 + 5*x**4/24 - 7*x**3/6 + 24*x**2. Let c = -7 - -9. Let u be 64/(-12) + c/6. What is s(u)?
-7
Suppose -6*h + 7*h = 2. Suppose 4*s - 1 = -t + 3, -4*t + h*s = -16. Let a(r) = r**3 - 4*r**2 + 2. What is a(t)?
2
Let l = -48 + 43. Let c be 1/2 - (l - 84/(-8)). Let w(x) = -x**3 - 5*x**2 - 4*x - 1. Give w(c).
19
Let z = 4 + 7. Let t = -19 + z. Let b = -9 - t. Let l(u) = -u**3. Give l(b).
1
Let j(x) be the first derivative of x**3/3 - 7*x**2/2 + 6*x + 53. What is j(4)?
-6
Let g(a) be the second derivative of 3*a**5/20 + a**4/12 + a**3/6 - a**2/2 + 18*a + 2. Calculate g(1).
4
Let z(i) = -5*i + 3. Let y = -228 - -230. Give z(y).
-7
Let s(j) = -2*j**2 + 54*j - 10. Let v be s(27). Let d(o) = -o**3 - 11*o**2 - 11*o - 13. Give d(v).
-3
Let l(m) = 10*m - 1. Suppose 4*k + 2 = -5*t, -3*k - 15 = -3*t - 0*k. Suppose 0 = t*d - 9 + 11. What is l(d)?
-11
Let c(a) = -a**3 - 4*a**2 + 5*a - 7. Let g = -8 + 8. Let k(d) = 4*d - 11 - 5*d + g*d. Let j be k(-6). Determine c(j).
-7
Let a(w) be the third derivative of w**4/24 - 3*w**3/2 + 3*w**2 - 24. Calculate a(9).
0
Suppose 5*r + 1 = -4*b - 30, 0 = 5*r - 5*b - 5. Let g(u) = -6*u**2 - 3*u - 3. Determine g(r).
-48
Let j(c) = c**3 + 4*c**2 + 2. Suppose -9*b = 5 + 31. Let m be b/14 - 104/28. Determine j(m).
2
Let v(z) = -2 + 0 + 0*z + z. Let r(h) = 14*h**2 - 14*h. Let k(d) = -5*d**2 + 5*d. Let i(t) = 11*k(t) + 4*r(t). Let n(j) = i(j) - v(j). What is n(2)?
2
Let l(u) = u**2 + 9*u + 15. Suppose -36*k = 170 + 82. Calculate l(k).
1
Let w(l) = -l**2 + l + 2. Let i be w(3). Let v(u) = -43*u + 44*u - 1 - 2 + 2. What is v(i)?
-5
Suppose 2*y - 5*y + 5*x = 0, -2*y + 2 = -4*x. Let w(k) = 5*k**3 - 3*k**2 + 7*k + 10. Let t(m) = m**3 + 2. Let s(d) = -6*t(d) + w(d). What is s(y)?
13
Let v(y) = -2*y + 5*y - 8*y**2 - 11*y**2 + 4*y**2 - 4*y**2. What is v(1)?
-16
Let l(f) = -4*f + 10. Let d = 40 + -37. Let p be l(d). Let j(a) be the first derivative of -a**2/2 - 2*a + 2. Determine j(p).
0
Let f(o) = -5*o**3 - 22*o**2 + 35*o - 8. Let n(c) = -3*c**3 - 15*c**2 + 23*c - 5. Let s(w) = -5*f(w) + 8*n(w). Determine s(9).
0
Let k(u) be the first derivative of u**3/3 - 7*u**2/2 + 2*u - 1. Let m = -111 - -83. Let i = m + 33. Give k(i).
-8
Let z(v) = v**3 - 4*v**2 + 9. Let g(b) = -b**3 + 5*b**2 - 8. Let n(h) = 5*g(h) + 6*z(h). Suppose 12*r = -14*r. Determine n(r).
14
Let a(w) = w**2 + 1 - 1183*w + 5 + 1177*w. Determine a(4).
-2
Let m = -469 + 478. Let v(h) = h - 18. Calculate v(m).
-9
Let n(a) = -3*a + a**2 + 4*a**2 + 1 - 6*a**2. Suppose -101*h - 31 - 373 = 0. Calculate n(h).
-3
Suppose 0 = k + 3*k - 28. Let g be 1 - 1/3*-3. Let a(i) = 4*i + 0*i - 5 - i**g + i + 3*i. What is a(k)?
2
Let f(b) be the third derivative of -b**5/60 + b**4/3 - 5*b**3/2 + 13*b**2 - 7*b. Determine f(7).
-8
Let a = 34 - 30. Let y(f) = -2*f**3 + a + 8*f**3 - 7*f**3 + f. Let d be 0 + 0 + (-1 - -1). Give y(d).
4
Let z(l) be the first derivative of -l**4/4 + 3*l**3 - 9*l**2/2 + 7*l - 30. What is z(8)?
-1
Let x(z) = 2*z - 11. Let a(r) = -3*r + 19. Let i(o) = -3*a(o) - 5*x(o). Determine i(-6).
4
Let a(k) = -k**3 + 3*k**2 + 4*k - 2. Suppose 358 = 2*i + 348. What is a(i)?
-32
Suppose 0 = p - 3*k + 1, 3*p + 36*k = 37*k - 35. Let t(v) = v**3 + 13*v**2 - 2*v - 27. What is t(p)?
-1
Let k(m) = m**3 + 3*m**2 - 3*m - 1. Let i = -24 + 26. Suppose 2*b + b = -o + 7, -i*b - 2*o = -2. Suppose 4*y - b = -19. Determine k(y).
-5
Let j(c) = -c**3 - 16*c**2 + c + 16. Let w = -512 - -496. What is j(w)?
0
Let i(k) = -18 + 6 - 8*k**2 + 8 + 12 - 7*k - k**3. Suppose 0 = -2*n - a - 13, -a - 2 = -1. Calculate i(n).
-22
Let i(b) be the first derivative of b**4/4 + 10*b**3/3 - 11*b**2/2 + 10*b - 60. What is i(-11)?
10
Let k(r) = r**2 - 6*r - 5. Let h be k(-2). Suppose -3*t - 23 + h = 0. Let l(q) = -7*q - 11. Let b(v) = 4*v + 6. Let o(d) = -5*b(d) - 3*l(d). What is o(t)?
-1
Let l(j) be the third derivative of 7*j**4/12 - j**3/6 + 220*j**2. Calculate l(1).
13
Let y = 27 + -11. Let t = -22 + y. Let o(s) be the second derivative of s**5/20 + 5*s**4/12 - s**3 - s**2/2 - s + 5. Give o(t).
-1
Let j(h) = 2*h**2 - 9*h - 3. Let u(o) = 1 - o**2 - 2*o + 4*o + 3*o. Suppose -4*w = -6*w + 4. Let b(g) = w*j(g) + 5*u(g). Calculate b(5).
9
Let i(u) = 6*u**3 + 0*u - 15*u**3 + u**2 + 1 + 2*u**3 + 6*u**3 + 2*u. Give i(2).
1
Let o(l) = -l - 3*l - 3*l - 5 - l**2. Let f(p) = 2*p + 25. Let d be f(-16). What is o(d)?
-5
Let b(u) = -2 - 115 - 4*u + 27 + 42. Determine b(-14).
8
Let y(f) = 2*f + 2. Let t(n) = -3*n - 3. Let m(v) = 3*t(v) + 5*y(v). Suppose -2*w - 6 = -18. Suppose 0 = -3*g - w. What is m(g)?
-1
Let p(q) = -5*q**3 + 4*q**2 - 3*q + 3. Suppose -h = -0*h - 2*s - 5, -s - 3 = 0. Let m(n) = -n**3 + n**2 - n + 1. Let u(w) = h*p(w) + 3*m(w). Calculate u(-2).
-20
Suppose 4*j - j = -5*r + 10, -35 = -4*r + 3*j. Suppose 0*q + 2*w + 7 = -q, -r = -q + 4*w. Let d(c) = -5*c - 2. What is d(q)?
13
Let o(w) = 19*w**2 - 18*w**2 + 1 - 1 - w. Suppose 2*v - 5*d + 4 = -1, -5*v = -3*d + 3. Determine o(v).
0
Let m(y) = -5*y - 19. Let j(r) = 5 + 5 - 2 + 2 + 3*r. Let u(p) = -11*j(p) - 6*m(p). Determine u(3).
-5
Let v(g) = -3*g - g**2 - 2036 + 11*g + 2044 + 0*g. Determine v(9).
-1
Let s(f) = f**3 + 3*f**2 - 3*f + 1. Suppose 3*d + 20 = 7*d. Suppose 2*b - 20 = d*k, 5*b = -k + 6*k + 20. Let h be 12/6 - b/1. Determine s(h).
15
Let f(u) = -60*u - 45 + 7 + 44*u + 25*u. Determine f(4).
-2
Suppose 859 - 867 = -2*b. Let c(h) be the third derivative of 8*h**2 + 1/60*h**5 + 0 + 0*h**3 - 1/24*h**6 + 0*h + 0*h**b. Calculate c(1).
-4
Let b(n) = n. Let o be (-19 - -18)/((-2)/6). Let d be b(o). Suppose -3*r = -2*r - d. Let h(z) = z**2 - 3*z + 4. Give h(r).
4
Let b(a) be the third derivative of -a**6/120 + a**5/15 - a**4/24 + a**3/3 + 98*a**2. Give b(2).
8
Let x(l) be the third derivative of -l**5/60 - 7*l**4/24 + l**3/2 - 208*l**2. What is x(-6)?
9
Let i(k) = -2*k**3 + 3 - 5*k + k**3 + 6*k**2 + 0*k**2. Let w(m) = m**3 - 32*m**2 + 222*m - 15. Let q be w(10). What is i(q)?
3
Let g(t) = -5*t**2 + 3*t - 2. Let k be 534/(-45) - 6/45. Let i = k + 14. Calculate g(i).
-16
Let x(l) = 4*l**2 + 8*l + 16. Let r(q) = -9*q**2 - 15*q - 32. Let a(w) = -3*r(w) - 7*x(w). Give a(-7).
12
Suppose -5*x - 2*p + 43 = 0, 4*x - 2 = 3*p + 14. Suppose -16 = -x*t + 3*t. Let m(j) be the second derivative of j**4/6 - 5*j**3/6 - 2*j**2 + j. Calculate m(t).
8
Suppose -g = -h + 6, -3*g + h - 5 = 5. Let n(f) = -f**3 - 2*f - 3. Let q(p) = 5*p**3 + p**2 + 7*p + 13. Let j(s) = g*q(s) - 9*n(s). Calculat